.
6
Calculate -7 - (-43 + -1 + 0 - (98 + -99)).
36
What is 23 + -25 + -5 + 3?
-4
What is the value of -7 + 18 + -31 + (19 - 11)?
-12
What is the value of 4 - (3 - 0 - (-108 + 106))?
-1
What is the value of 2 + -36 - (-51 + 24 - -12)?
-19
0 - (-1 - ((11 - -1) + -25))
-12
Calculate (-3 - -1 - (2 + -4)) + -538 + 531.
-7
8 + (10 - 13) - 11
-6
Evaluate (1 + -8 - -9) + -6 + 14 - 6.
4
What is the value of -17 - (-21 - (-17 + 14))?
1
What is the value of -5 + 5 + (-15 - (-13 + 8))?
-10
10 - 3 - ((-2 - -12) + 15 + -13)
-5
Calculate -21 + 2 + 7 + (112 - 127).
-27
What is ((5 - 3) + -6 - -1) + 2 - 8?
-9
Evaluate 5 - (-4 - (0 + -9)) - -1.
1
What is (-26 - 11) + 50 + 2?
15
What is the value of (0 + 1 - -14) + (-36 - -12 - -21)?
12
What is (-5 - (3 + -15) - 12) + -1?
-6
What is the value of -20 + (-5 + (3 - -2) - -7)?
-13
Evaluate 38 + (-8 - 40) + 2 + -5 + -12.
-25
Evaluate (0 - -17) + 6 - (13 - 21).
31
(1 - (0 - -7)) + 33 + (-26 - 7)
-6
Calculate 2 + (-25 + 3 - -14) + -1 + 21.
14
Evaluate -7 - (11 + 0 - (55 + -66)).
-29
Evaluate (689 - 672) + -1 + -38.
-22
31 + -3 + -5 + -3 + 2 + -2
20
What is the value of (-1 - 8 - 2) + 551 + -519?
21
What is -7 - (13 - (1 - -8))?
-11
What is the value of -15 - (-3 - -3 - 14)?
-1
Evaluate 26 + (-6 + -2 - 3).
15
Calculate (-10 - (-7 - -4)) + (80 - 50).
23
4 + (20 - 24 - -9)
9
What is (-2 - (-4 - (-6 + -12))) + 3 + 5?
-8
What is -680 - -665 - (-13 - (-4 - -2))?
-4
Calculate (37 - (70 + -5)) + 20.
-8
What is the value of (-13 - (-34 + 14)) + (-3 - (-7 + -3))?
14
Calculate -4 + 0 + -17 - (-207 + 214).
-28
(-41 + 24 - -14) + -13 + 3
-13
What is (-1 - 4) + -178 + 191 + (1 - -2)?
11
Evaluate -6 - 2 - -13 - ((13 - 19) + 14).
-3
What is the value of 59 + -27 + -32 - (0 + -2)?
2
(3 + -3 + 6 - 15) + -8
-17
12 + -1 - 1 - (-7 + (-66 - -93))
-10
Calculate 13 - (-20 + (20 - (7 + -1))).
19
Evaluate 5 + (0 - (3 + 3) - -7) + -3.
3
(1 - -4) + (-30 - -45) - 3
17
Calculate 4 - (-61 + 59 - (1 + 15)).
22
9 + -1 + 8 + -13
3
Evaluate -1 + 37 + 9 + 8 + -12 + -11.
30
Evaluate (26 - 19 - 13) + (13 - (-1 - -3)).
5
Calculate (0 - -1 - 2) + 15 + 7.
21
What is 7 + (-1 - (-9 + 1)) + -60 + 57?
11
Calculate 9 + -5 + 30 + -41.
-7
What is -9 - (15 + -51) - 17?
10
What is 12 + (-12 - -10) + 0 - 2?
8
What is the value of -219 + 234 + (-15 - 3)?
-3
What is the value of 3 + (-11 - -3) + 16?
11
What is -8 + -5 + 5 - 7 - (-3 + 9)?
-21
What is the value of 0 + -3 + 6 + (-7 - (-8 + -2))?
6
What is 2 - 22 - (380 - 389)?
-11
What is the value of 0 + 38 + (-27 - (67 - 83))?
27
What is the value of -6 + -9 + 12 + (3 - -8) + -28?
-20
29 + -2 - (2 + (-23 - 0 - -16))
32
Evaluate 17 - (18 + 9) - -21.
11
Calculate (-8 + (10 + -6 - 3) - 0) + -3.
-10
Calculate 465 - 495 - (-1 + -27).
-2
(-9 - 3) + 24 + (-32 - -21)
1
What is the value of -12 + (5 - 12) + 16 + -6?
-9
Evaluate 7 + (11 - (-21 + 23)).
16
9 + 8 + -21 + -15
-19
10 + 2 + 1 - (4 - 14 - -9)
14
What is -7 - (16 + (-19 - -9))?
-13
(-2 - 12 - (6 - 16)) + -1
-5
(366 - 373) + 16 + 1
10
(6 + 0 + 15 + -19 - 1) + 10
11
Calculate -13 - (-16 + 20 + -10 - -3) - -10.
0
Evaluate 19 + 3 + -16 + (-55 - -67).
18
Evaluate -5 + (6 - (13 + -12)).
0
Calculate (3 - (18 + 10 + -3)) + 8.
-14
What is -12 + -7 + (4 - -11)?
-4
What is 2 - (0 - (3 + 3 - (7 - -1)))?
0
What is the value of -1 + (1 - 2) - (-2 - 17 - -2)?
15
What is (-10 - (8 + 1) - -17) + -7?
-9
Evaluate (2 - (15 + -1)) + 2 + -10 + 7.
-13
-183 + 187 - (17 + 2)
-15
Evaluate -10 - (-9 - (3 - 0)).
2
(-1 - -6 - 0) + 4 - (-6 - -2)
13
Calculate -17 + (21 - (47 + -48)).
5
What is -2 + (-5 + (16 - -2) - 7) + -7?
-3
What is the value of 22 + (14 + 3 - 58)?
-19
What is -17 + (12 + -9 + 2 - 5)?
-17
What is -1 - 4 - -2 - (54 + -23 + -56)?
22
Calculate -18 - (7 + -5 + 0) - (-7 - -4).
-17
Calculate -13 + 5 + -8 - -15 - -32.
31
What is (24 - 22) + 1 + -12?
-9
15 + -11 + -5 + (2 - -14)
15
Calculate 10 - (7 + -15) - 33.
-15
Calculate (-24 - -1 - (-44 + 29)) + 9.
1
What is the value of -2 + 10 + (-6 - 14) + -11?
-23
((7 - 3) + 0 - 6 - -4) + 9
11
Calculate -1 + (-1 + 2 + 3 - (-45 + 41)).
7
What is 10 - (7 - -8) - 1?
-6
-15 + 55 + -46 + 29
23
What is the value of -6 + (16 - 17 - -8) + -29?
-28
(34 - 50) + 21 + -5
0
Calculate (0 + (-3 - 4) - (-4 - 0)) + 16.
13
What is -30 + 2 + 3 + 11 - 16?
-30
Evaluate -22 + 25 + -15 + 1 + (4 - 6).
-13
Evaluate 414 + -428 + 36 + 1.
23
Evaluate 5 + (-1 - (1 + 14)) + -7.
-18
14 + (3 + 4 - 11) + 7
17
Calculate 4 + (23 - 2) - 11.
14
-8 - (-8 + -3) - (-1 + 2) - 14
-12
What is -4 + 24 + -8 - 14?
-2
What is the value of -33 - (22 + (-66 - -23))?
-12
2 + 2 + -1 - (-485 + 487)
1
Calculate (-13 - -2 - -6) + 2 + -6 + 26.
17
-298 - -302 - (-1 - -19)
-14
Calculate 5 - (13 - 16 - -13) - -17.
12
What is 23 + 7 + -22 - 2?
6
What is the value of 9 + 22 + -26 - -10?
15
Evaluate -36 - (-52 - (-24 - 18)).
-26
Calculate 25 + -20 + 2 + -25.
-18
What is 12 + (7 + -16 - 1) + 5?
7
What is the value of -27 + 8 - ((9 - 6) + -3)?
-19
What is the value of -16 + -23 + -18 + 8 + 23?
-26
What is the value of (-3 - 1) + (-2 - -8)?
2
What is -15 + 5 - ((-9 - -11) + 11 + -12)?
-11
Evaluate 1 + 2 - ((26 - 5) + -6 + -5).
-7
Calculate 19 - (-25 + 20 + -1).
25
Calculate (-5 - (-1 + -1)) + 12 + (-10 - -8).
7
What is -2 + 2 + (6 - (-11 - -12))?
5
12 + -13 - 18 - (1 + -8 - 1)
-11
Evaluate 4 + -9 + 0 + (19 - 0) + 3.
17
Calculate (4 - 21) + 21 + (1 - 5).
0
What is -5 - (-7 - 1 - ((20 - 35) + 7))?
-5
What is 21 - (7 + 10 + -12)?
16
Calculate -6 - -3 - (-15 + (-19 - -13)).
18
What is (10 - 20) + 18 - 9 - -6?
5
Evaluate 3 + (-7 - -2 - (-17 + (16 - 13))).
12
Calculate (8 + -12 - 7) + (-9 - -9).
-11
What is 3 + (11 + 5 + 0 - 8)?
11
Calculate 269 - 270 - (-1 + -3 + -2).
5
What is (-1 - -6) + 15 + -22 + 0?
-2
What is (-97 - -99) + -1 + 2 - 4?
-1
Calculate -9 - ((9 - -2) + 0 + -18).
-2
What is the value of (18 - (4 + -6) - 9) + -2?
9
Calculate 12 - 4 - (12 - (2 - -2)).
0
What is the value of 0 + (-8 - (4 - -11)) + 9?
-14
Calculate -4 + 1 + -10 + -1 + 12.
-2
What is the value of -1 - (2 + 10) - -3 - (132 - 137)?
-5
What is -15 + -6 + 13 + 11 - (17 + 0)?
-14
What is the value of 1 + (0 - -1 - (3 - 9))?
8
What is the value of 0 + (1 - 4) + -6 - (-91 - -96)?
-14
What is the value of -22 + 10 + -22 + 7?
-27
What is the value of (11 - 3) + (-5 - 1 - (9 + -16))?
9
Evaluate (-22 - (-1 + -20)) + 15.
14
Calculate -9 + (0 - -4) + (-8 - -10).
-3
What is the value of -12 + 30 + -12 + (1 - 22)?
-15
What is 30 + (7 - (18 - (-5 - -3)))?
17
Evaluate 11 + -2 + (6 + 12 - 7 - 6).
14
What is the value of 5 - (0 - -16) - (-22 + 14)?
-3
What is the value of 10 - (-33 + 10 - -21)?
12
What is the value of -43 - (18 + -4 + -30)?
-27
Calculate (-17 + 1 + 9 - -11) + -13.
-9
What is 154 + -145 - (-1 + -18 + 2) - 7?
19
What is -14 + -2 + -5 + 12 + (-1 - 8)?
-18
Evaluate 3 + -1 + 2 - -5 - 21.
-12
Calculate 1 + -10 + 5 + (14 - 8) - 18.
-16
Calculate 7 + (-13 + -11 - -2 - 0).
-15
-1 + ((5 + 1 - 4) + -8 - 5)
-12
What is -3 + (19 - 2 - (-29 + 46))?
-3
Evaluate (-4 - (5 - 6)) + 209 + -215.
-9
12 + -2 - (7 + 9 + -8)
2
Evaluate -11 + (22 + (-8 - -13) - -5).
21
What is 3 + (-12 + (6 - -5) - 8)?
-6
What is the value of 30 + (-8 - (-7 + 14))?
15
What is the value of (8 - 10) + 26 + -2?
22
Evaluate 2 + -8 - 3 - (0 + -2).
-7
What is -2 + (-9 - -7 - -1)?
-3
What is the value of 19 + 1 + 1 + 34 + (48 - 85)?
18
Calculate -11 - (-39 + (-12 - -35)).
5
Evaluate ((-11 - 3) + 3 - (107 + -116)) + 30.
28
Evaluate -2 + (1 - -3) - (7 - (29 - 15)).
9
Evaluate -4 + (-6 - -1) + (0 - -5).
-4
Calculate -16 - (4 - (10 + -3)) - 4.
-17
Calculate (5 - (-14 - -26)) + 6 + -1.
-2
What is the value of 11 + 32 + (19 - 67)?
-5
4 + -6 + 18 + (3 - 6) + 1
14
Evaluate -2 + 10 + (10 - (16 - -17)).
-15
Calculate -22 + 60 - 17 - 20.
1
Calculate (33 - 41) + -1 + 17 - (12 + -41).
37
What is -10 - ((9 - 35) + 6) - -10?
20
What is -6 + -3 + 10 + (9 - 7 - -2)?
5
What is the value of 4 + 6 + -2 - (15 - (-14 + 10))?
-11
39 + (-6 - 15 - 2)
16
Evaluate -15 + -17 + 2 + 20.
-10
What is the value of 8 + (5 - (17 + -18)) + 4?
18
Calculate 3 - (-3 + -3 + 6 + -2 + -5).
10
What is the value of 4 - -8 - 6 - 13?
-7
Evaluate -8 - (-6 + 0 - (0 + 5)).
3
43 - (-8 - -35) - 40
-24
What is the value of 0 - -21 - ((-4 - -12) + 5 + -3)?
11
What is 0 - (21 + -24 - (0 - (2 + -3)))?
4
Evaluate -1 - -7 - (42 + -28) - (8 